{"id":1152,"date":"2018-03-16T01:52:37","date_gmt":"2018-03-16T05:52:37","guid":{"rendered":"http:\/\/davisdyslexia.commbits.net\/les-praticiens-davis-au-canada\/ddfac-members-prince-edward-island\/"},"modified":"2021-07-02T14:16:55","modified_gmt":"2021-07-02T18:16:55","slug":"prince-edward-island","status":"publish","type":"page","link":"https:\/\/www.daviscanada.org\/fr\/les-praticiens-davis-au-canada\/prince-edward-island\/","title":{"rendered":"DDFAC Members Prince Edward Island"},"content":{"rendered":"<p>[et_pb_section fb_built=\u00a0\u00bb1&Prime; _builder_version=\u00a0\u00bb3.22&Prime; background_color=\u00a0\u00bb#30ace5&Prime; custom_padding=\u00a0\u00bb115px|0px|120px|0px\u00a0\u00bb top_divider_style=\u00a0\u00bbwave2&Prime; top_divider_height=\u00a0\u00bb81px\u00a0\u00bb bottom_divider_style=\u00a0\u00bbwave2&Prime; bottom_divider_height=\u00a0\u00bb89px\u00a0\u00bb prev_background_color=\u00a0\u00bb#ffffff\u00a0\u00bb next_background_color=\u00a0\u00bb#ffffff\u00a0\u00bb][et_pb_row _builder_version=\u00a0\u00bb3.25&Prime; background_size=\u00a0\u00bbinitial\u00a0\u00bb background_position=\u00a0\u00bbtop_left\u00a0\u00bb background_repeat=\u00a0\u00bbrepeat\u00a0\u00bb][et_pb_column type=\u00a0\u00bb4_4&Prime; _builder_version=\u00a0\u00bb3.25&Prime; custom_padding=\u00a0\u00bb|||\u00a0\u00bb custom_padding__hover=\u00a0\u00bb|||\u00a0\u00bb][et_pb_text _builder_version=\u00a0\u00bb3.27.4&Prime; background_layout=\u00a0\u00bbdark\u00a0\u00bb animation_style=\u00a0\u00bbslide\u00a0\u00bb animation_direction=\u00a0\u00bbright\u00a0\u00bb animation_intensity_slide=\u00a0\u00bb2%\u00a0\u00bb]<\/p>\n<h1>DDAFAC Members \u00cele-du-Prince-\u00c9douard<\/h1>\n<h3><em>Les praticiens licenci\u00e9s de la Correction de la Dyslexie Davis\u00ae<\/em><\/h3>\n<p>Currently there are no members of DDFAC in this province\/territory.<br \/>\n[\/et_pb_text][\/et_pb_column][\/et_pb_row][\/et_pb_section]<\/p>\n","protected":false},"excerpt":{"rendered":"<p>DDAFAC Members \u00cele-du-Prince-\u00c9douard Les praticiens licenci\u00e9s de la Correction de la Dyslexie Davis\u00ae Currently there are no members of DDFAC in this province\/territory.<\/p>\n","protected":false},"author":1,"featured_media":0,"parent":1069,"menu_order":0,"comment_status":"closed","ping_status":"closed","template":"","meta":{"_et_pb_use_builder":"on","_et_pb_old_content":"","_et_gb_content_width":"","footnotes":""},"class_list":["post-1152","page","type-page","status-publish","hentry"],"yoast_head":"<!-- This site is optimized with the Yoast SEO plugin v26.3 - https:\/\/yoast.com\/wordpress\/plugins\/seo\/ -->\n<title>DDFAC Members Prince Edward Island - Davis Dyslexia Canada<\/title>\n<meta name=\"robots\" content=\"index, follow, max-snippet:-1, max-image-preview:large, max-video-preview:-1\" \/>\n<link rel=\"canonical\" href=\"https:\/\/www.daviscanada.org\/fr\/les-praticiens-davis-au-canada\/prince-edward-island\/\" \/>\n<meta property=\"og:locale\" content=\"fr_FR\" \/>\n<meta property=\"og:type\" content=\"article\" \/>\n<meta property=\"og:title\" content=\"DDFAC Members Prince Edward Island - Davis Dyslexia Canada\" \/>\n<meta property=\"og:description\" content=\"DDAFAC Members \u00cele-du-Prince-\u00c9douard Les praticiens licenci\u00e9s de la Correction de la Dyslexie Davis\u00ae Currently there are no members of DDFAC in this province\/territory.\" \/>\n<meta property=\"og:url\" content=\"https:\/\/www.daviscanada.org\/fr\/les-praticiens-davis-au-canada\/prince-edward-island\/\" \/>\n<meta property=\"og:site_name\" content=\"Davis Dyslexia Canada\" \/>\n<meta property=\"article:publisher\" content=\"https:\/\/www.facebook.com\/DDFAC\" \/>\n<meta property=\"article:modified_time\" content=\"2021-07-02T18:16:55+00:00\" \/>\n<meta name=\"twitter:card\" content=\"summary_large_image\" \/>\n<meta name=\"twitter:site\" content=\"@DDFAC\" \/>\n<meta name=\"twitter:label1\" content=\"Dur\u00e9e de lecture estim\u00e9e\" \/>\n\t<meta name=\"twitter:data1\" content=\"1 minute\" \/>\n<script type=\"application\/ld+json\" class=\"yoast-schema-graph\">{\"@context\":\"https:\/\/schema.org\",\"@graph\":[{\"@type\":\"WebPage\",\"@id\":\"https:\/\/www.daviscanada.org\/fr\/les-praticiens-davis-au-canada\/prince-edward-island\/\",\"url\":\"https:\/\/www.daviscanada.org\/fr\/les-praticiens-davis-au-canada\/prince-edward-island\/\",\"name\":\"DDFAC Members Prince Edward Island - Davis Dyslexia Canada\",\"isPartOf\":{\"@id\":\"https:\/\/www.daviscanada.org\/#website\"},\"datePublished\":\"2018-03-16T05:52:37+00:00\",\"dateModified\":\"2021-07-02T18:16:55+00:00\",\"breadcrumb\":{\"@id\":\"https:\/\/www.daviscanada.org\/fr\/les-praticiens-davis-au-canada\/prince-edward-island\/#breadcrumb\"},\"inLanguage\":\"fr-FR\",\"potentialAction\":[{\"@type\":\"ReadAction\",\"target\":[\"https:\/\/www.daviscanada.org\/fr\/les-praticiens-davis-au-canada\/prince-edward-island\/\"]}]},{\"@type\":\"BreadcrumbList\",\"@id\":\"https:\/\/www.daviscanada.org\/fr\/les-praticiens-davis-au-canada\/prince-edward-island\/#breadcrumb\",\"itemListElement\":[{\"@type\":\"ListItem\",\"position\":1,\"name\":\"Home\",\"item\":\"https:\/\/www.daviscanada.org\/fr\/homenew\/\"},{\"@type\":\"ListItem\",\"position\":2,\"name\":\"Les praticiens Davis au Canada\",\"item\":\"https:\/\/www.daviscanada.org\/fr\/les-praticiens-davis-au-canada\/\"},{\"@type\":\"ListItem\",\"position\":3,\"name\":\"DDFAC Members Prince Edward Island\"}]},{\"@type\":\"WebSite\",\"@id\":\"https:\/\/www.daviscanada.org\/#website\",\"url\":\"https:\/\/www.daviscanada.org\/\",\"name\":\"Davis Dyslexia Canada\",\"description\":\"Dyslexia, ADD, ADHD Learning Disabilities can be corrected\",\"publisher\":{\"@id\":\"https:\/\/www.daviscanada.org\/#organization\"},\"potentialAction\":[{\"@type\":\"SearchAction\",\"target\":{\"@type\":\"EntryPoint\",\"urlTemplate\":\"https:\/\/www.daviscanada.org\/?s={search_term_string}\"},\"query-input\":{\"@type\":\"PropertyValueSpecification\",\"valueRequired\":true,\"valueName\":\"search_term_string\"}}],\"inLanguage\":\"fr-FR\"},{\"@type\":\"Organization\",\"@id\":\"https:\/\/www.daviscanada.org\/#organization\",\"name\":\"Davis Dyslexia and Autism Facilitators' Association of Canada\",\"url\":\"https:\/\/www.daviscanada.org\/\",\"logo\":{\"@type\":\"ImageObject\",\"inLanguage\":\"fr-FR\",\"@id\":\"https:\/\/www.daviscanada.org\/#\/schema\/logo\/image\/\",\"url\":\"https:\/\/www.daviscanada.org\/wp-content\/uploads\/2018\/03\/LogoNew5.png\",\"contentUrl\":\"https:\/\/www.daviscanada.org\/wp-content\/uploads\/2018\/03\/LogoNew5.png\",\"width\":278,\"height\":201,\"caption\":\"Davis Dyslexia and Autism Facilitators' Association of Canada\"},\"image\":{\"@id\":\"https:\/\/www.daviscanada.org\/#\/schema\/logo\/image\/\"},\"sameAs\":[\"https:\/\/www.facebook.com\/DDFAC\",\"https:\/\/x.com\/DDFAC\"]}]}<\/script>\n<!-- \/ Yoast SEO plugin. -->","yoast_head_json":{"title":"DDFAC Members Prince Edward Island - Davis Dyslexia Canada","robots":{"index":"index","follow":"follow","max-snippet":"max-snippet:-1","max-image-preview":"max-image-preview:large","max-video-preview":"max-video-preview:-1"},"canonical":"https:\/\/www.daviscanada.org\/fr\/les-praticiens-davis-au-canada\/prince-edward-island\/","og_locale":"fr_FR","og_type":"article","og_title":"DDFAC Members Prince Edward Island - Davis Dyslexia Canada","og_description":"DDAFAC Members \u00cele-du-Prince-\u00c9douard Les praticiens licenci\u00e9s de la Correction de la Dyslexie Davis\u00ae Currently there are no members of DDFAC in this province\/territory.","og_url":"https:\/\/www.daviscanada.org\/fr\/les-praticiens-davis-au-canada\/prince-edward-island\/","og_site_name":"Davis Dyslexia Canada","article_publisher":"https:\/\/www.facebook.com\/DDFAC","article_modified_time":"2021-07-02T18:16:55+00:00","twitter_card":"summary_large_image","twitter_site":"@DDFAC","twitter_misc":{"Dur\u00e9e de lecture estim\u00e9e":"1 minute"},"schema":{"@context":"https:\/\/schema.org","@graph":[{"@type":"WebPage","@id":"https:\/\/www.daviscanada.org\/fr\/les-praticiens-davis-au-canada\/prince-edward-island\/","url":"https:\/\/www.daviscanada.org\/fr\/les-praticiens-davis-au-canada\/prince-edward-island\/","name":"DDFAC Members Prince Edward Island - Davis Dyslexia Canada","isPartOf":{"@id":"https:\/\/www.daviscanada.org\/#website"},"datePublished":"2018-03-16T05:52:37+00:00","dateModified":"2021-07-02T18:16:55+00:00","breadcrumb":{"@id":"https:\/\/www.daviscanada.org\/fr\/les-praticiens-davis-au-canada\/prince-edward-island\/#breadcrumb"},"inLanguage":"fr-FR","potentialAction":[{"@type":"ReadAction","target":["https:\/\/www.daviscanada.org\/fr\/les-praticiens-davis-au-canada\/prince-edward-island\/"]}]},{"@type":"BreadcrumbList","@id":"https:\/\/www.daviscanada.org\/fr\/les-praticiens-davis-au-canada\/prince-edward-island\/#breadcrumb","itemListElement":[{"@type":"ListItem","position":1,"name":"Home","item":"https:\/\/www.daviscanada.org\/fr\/homenew\/"},{"@type":"ListItem","position":2,"name":"Les praticiens Davis au Canada","item":"https:\/\/www.daviscanada.org\/fr\/les-praticiens-davis-au-canada\/"},{"@type":"ListItem","position":3,"name":"DDFAC Members Prince Edward Island"}]},{"@type":"WebSite","@id":"https:\/\/www.daviscanada.org\/#website","url":"https:\/\/www.daviscanada.org\/","name":"Davis Dyslexia Canada","description":"Dyslexia, ADD, ADHD Learning Disabilities can be corrected","publisher":{"@id":"https:\/\/www.daviscanada.org\/#organization"},"potentialAction":[{"@type":"SearchAction","target":{"@type":"EntryPoint","urlTemplate":"https:\/\/www.daviscanada.org\/?s={search_term_string}"},"query-input":{"@type":"PropertyValueSpecification","valueRequired":true,"valueName":"search_term_string"}}],"inLanguage":"fr-FR"},{"@type":"Organization","@id":"https:\/\/www.daviscanada.org\/#organization","name":"Davis Dyslexia and Autism Facilitators' Association of Canada","url":"https:\/\/www.daviscanada.org\/","logo":{"@type":"ImageObject","inLanguage":"fr-FR","@id":"https:\/\/www.daviscanada.org\/#\/schema\/logo\/image\/","url":"https:\/\/www.daviscanada.org\/wp-content\/uploads\/2018\/03\/LogoNew5.png","contentUrl":"https:\/\/www.daviscanada.org\/wp-content\/uploads\/2018\/03\/LogoNew5.png","width":278,"height":201,"caption":"Davis Dyslexia and Autism Facilitators' Association of Canada"},"image":{"@id":"https:\/\/www.daviscanada.org\/#\/schema\/logo\/image\/"},"sameAs":["https:\/\/www.facebook.com\/DDFAC","https:\/\/x.com\/DDFAC"]}]}},"_links":{"self":[{"href":"https:\/\/www.daviscanada.org\/fr\/wp-json\/wp\/v2\/pages\/1152\/"}],"collection":[{"href":"https:\/\/www.daviscanada.org\/fr\/wp-json\/wp\/v2\/pages\/"}],"about":[{"href":"https:\/\/www.daviscanada.org\/fr\/wp-json\/wp\/v2\/types\/page\/"}],"author":[{"embeddable":true,"href":"https:\/\/www.daviscanada.org\/fr\/wp-json\/wp\/v2\/users\/1\/"}],"replies":[{"embeddable":true,"href":"https:\/\/www.daviscanada.org\/fr\/wp-json\/wp\/v2\/comments\/?post=1152"}],"version-history":[{"count":0,"href":"https:\/\/www.daviscanada.org\/fr\/wp-json\/wp\/v2\/pages\/1152\/revisions\/"}],"up":[{"embeddable":true,"href":"https:\/\/www.daviscanada.org\/fr\/wp-json\/wp\/v2\/pages\/1069\/"}],"wp:attachment":[{"href":"https:\/\/www.daviscanada.org\/fr\/wp-json\/wp\/v2\/media\/?parent=1152"}],"curies":[{"name":"wp","href":"https:\/\/api.w.org\/{rel}","templated":true}]}}

<p>[et_pb_section fb_built= »1&Prime; _builder_version= »3.22&Prime; background_color= »#30ace5&Prime; custom_padding= »115px|0px|120px|0px » top_divider_style= »wave2&Prime; top_divider_height= »81px » bottom_divider_style= »wave2&Prime; bottom_divider_height= »89px » prev_background_color= »#ffffff » next_background_color= »#ffffff »][et_pb_row _builder_version= »3.25&Prime; background_size= »initial » background_position= »top_left » background_repeat= »repeat »][et_pb_column type= »4_4&Prime; _builder_version= »3.25&Prime; custom_padding= »||| » custom_padding__hover= »||| »][et_pb_text _builder_version= »3.27.4&Prime; background_layout= »dark » animation_style= »slide » animation_direction= »right » animation_intensity_slide= »2% »]</p>
<h1>DDAFAC Members Île-du-Prince-Édouard</h1>
<h3><em>Les praticiens licenciés de la Correction de la Dyslexie Davis®</em></h3>
<p>Currently there are no members of DDFAC in this province/territory.<br />
[/et_pb_text][/et_pb_column][/et_pb_row][/et_pb_section]</p>

<p>DDAFAC Members Île-du-Prince-Édouard Les praticiens licenciés de la Correction de la Dyslexie Davis® Currently there are no members of DDFAC in this province/territory.</p>

<!-- This site is optimized with the Yoast SEO plugin v26.3 - https://yoast.com/wordpress/plugins/seo/ -->
<title>DDFAC Members Prince Edward Island - Davis Dyslexia Canada</title>
<meta name="robots" content="index, follow, max-snippet:-1, max-image-preview:large, max-video-preview:-1" />
<link rel="canonical" href="https://www.daviscanada.org/fr/les-praticiens-davis-au-canada/prince-edward-island/" />
<meta property="og:locale" content="fr_FR" />
<meta property="og:type" content="article" />
<meta property="og:title" content="DDFAC Members Prince Edward Island - Davis Dyslexia Canada" />
<meta property="og:description" content="DDAFAC Members Île-du-Prince-Édouard Les praticiens licenciés de la Correction de la Dyslexie Davis® Currently there are no members of DDFAC in this province/territory." />
<meta property="og:url" content="https://www.daviscanada.org/fr/les-praticiens-davis-au-canada/prince-edward-island/" />
<meta property="og:site_name" content="Davis Dyslexia Canada" />
<meta property="article:publisher" content="https://www.facebook.com/DDFAC" />
<meta property="article:modified_time" content="2021-07-02T18:16:55+00:00" />
<meta name="twitter:card" content="summary_large_image" />
<meta name="twitter:site" content="@DDFAC" />
<meta name="twitter:label1" content="Durée de lecture estimée" />
	<meta name="twitter:data1" content="1 minute" />
<script type="application/ld+json" class="yoast-schema-graph">{"@context":"https://schema.org","@graph":[{"@type":"WebPage","@id":"https://www.daviscanada.org/fr/les-praticiens-davis-au-canada/prince-edward-island/","url":"https://www.daviscanada.org/fr/les-praticiens-davis-au-canada/prince-edward-island/","name":"DDFAC Members Prince Edward Island - Davis Dyslexia Canada","isPartOf":{"@id":"https://www.daviscanada.org/#website"},"datePublished":"2018-03-16T05:52:37+00:00","dateModified":"2021-07-02T18:16:55+00:00","breadcrumb":{"@id":"https://www.daviscanada.org/fr/les-praticiens-davis-au-canada/prince-edward-island/#breadcrumb"},"inLanguage":"fr-FR","potentialAction":[{"@type":"ReadAction","target":["https://www.daviscanada.org/fr/les-praticiens-davis-au-canada/prince-edward-island/"]}]},{"@type":"BreadcrumbList","@id":"https://www.daviscanada.org/fr/les-praticiens-davis-au-canada/prince-edward-island/#breadcrumb","itemListElement":[{"@type":"ListItem","position":1,"name":"Home","item":"https://www.daviscanada.org/fr/homenew/"},{"@type":"ListItem","position":2,"name":"Les praticiens Davis au Canada","item":"https://www.daviscanada.org/fr/les-praticiens-davis-au-canada/"},{"@type":"ListItem","position":3,"name":"DDFAC Members Prince Edward Island"}]},{"@type":"WebSite","@id":"https://www.daviscanada.org/#website","url":"https://www.daviscanada.org/","name":"Davis Dyslexia Canada","description":"Dyslexia, ADD, ADHD Learning Disabilities can be corrected","publisher":{"@id":"https://www.daviscanada.org/#organization"},"potentialAction":[{"@type":"SearchAction","target":{"@type":"EntryPoint","urlTemplate":"https://www.daviscanada.org/?s={search_term_string}"},"query-input":{"@type":"PropertyValueSpecification","valueRequired":true,"valueName":"search_term_string"}}],"inLanguage":"fr-FR"},{"@type":"Organization","@id":"https://www.daviscanada.org/#organization","name":"Davis Dyslexia and Autism Facilitators' Association of Canada","url":"https://www.daviscanada.org/","logo":{"@type":"ImageObject","inLanguage":"fr-FR","@id":"https://www.daviscanada.org/#/schema/logo/image/","url":"https://www.daviscanada.org/wp-content/uploads/2018/03/LogoNew5.png","contentUrl":"https://www.daviscanada.org/wp-content/uploads/2018/03/LogoNew5.png","width":278,"height":201,"caption":"Davis Dyslexia and Autism Facilitators' Association of Canada"},"image":{"@id":"https://www.daviscanada.org/#/schema/logo/image/"},"sameAs":["https://www.facebook.com/DDFAC","https://x.com/DDFAC"]}]}</script>
<!-- / Yoast SEO plugin. -->

DDAFAC Members Île-du-Prince-Édouard Les praticiens licenciés de la Correction de la Dyslexie Davis® Currently there are no members of DDFAC in this province/territory.
